of r and 30?
15
Suppose -3*g = -t + 563, 214 = t + g - 345. Calculate the greatest common divisor of t and 448.
112
Suppose -3*s = -86 + 371. Let x = s - -227. Let y(o) = o**3 + 4*o**2 - 7*o + 2. Let h be y(-5). Calculate the greatest common divisor of x and h.
12
Suppose -3*u + 4*b = u + 4, -5*u = 3*b - 35. Suppose -u*a - 27 + 75 = 0. What is the highest common factor of 96 and a?
12
Suppose -1305 = -41*r + 12*r. Calculate the greatest common divisor of 30 and r.
15
Let t(h) = 5*h**2 - 21*h + 3. Let v(u) = -4*u + 17. Let q be v(3). Let d be t(q). What is the greatest common divisor of 253 and d?
23
Let y = 939 - 907. Calculate the greatest common divisor of 88 and y.
8
Let o = 113 + -77. Let h be (-6)/(-4)*(21 + 99). Calculate the highest common factor of h and o.
36
Suppose -4*a + 46 = -3*a. Let z = 2 + a. Let r = 81 - z. Calculate the greatest common factor of 11 and r.
11
Suppose 16 = f - 2. Suppose 3*d - 207 = -3*y, 2*y - 4*d - 114 = 42. Suppose -2*z - 6*z + y = 0. What is the greatest common divisor of z and f?
9
Let u(s) = -s**3 - 3*s**2 - 2*s - 4. Let f be u(-6). Let x = 206 - f. Suppose 4*n = 10 + 26. Calculate the greatest common divisor of n and x.
9
Let j be 13/(195/10) + 61/3. What is the greatest common divisor of j and 231?
21
Let z(h) = h**3 + 10*h**2 - 11*h. Let l be z(-12). Let f = -82 + l. Let c = f - -385. What is the greatest common divisor of 21 and c?
21
Let f = 25 + -23. Let m be (-38)/(-1) - 4/f. What is the highest common divisor of m and 9?
9
Suppose 5*p - 2*s - 1297 = 0, -2*p + s = 2*p - 1040. Calculate the greatest common factor of p and 18.
9
Suppose v + 2*v - 3*d = 207, -4*v + 2*d + 278 = 0. What is the highest common factor of 56 and v?
14
Suppose 0*b + 3*p = -b + 6, -p - 3 = 2*b. Let z be b + 74*1/2. What is the highest common factor of z and 68?
34
Let b = 138 - 61. What is the highest common factor of b and 7?
7
Suppose 2*y = 4*y + 16. Let h = 16 + y. Calculate the highest common factor of h and 2.
2
Suppose 4*z + 2 = 62. Suppose -5*h + z = -0*h. Let x be h/(-9)*(-2 - 61). What is the greatest common divisor of x and 21?
21
Let i be (-2)/(-8) - 23/(-4). Let b(j) = -j**2 + 15*j - 6. Let g be b(6). Calculate the highest common factor of i and g.
6
Suppose -238 = 3*w - 20*w. Let p = w - 7. Calculate the highest common divisor of 42 and p.
7
Suppose -4*l = 0, -5*h - 65 = -10*h + 2*l. Suppose -13*a + 117 = -10*a. What is the highest common factor of h and a?
13
Let f(p) = -3*p**2 + 2*p - 5*p**2 + 12*p**2. Let q be f(3). What is the greatest common factor of q and 56?
14
Let l(s) = 30*s**2 - 1. Let p be l(2). Suppose -65*m + 61*m - 88 = -2*k, -4*k = -4*m - 156. Calculate the greatest common factor of p and k.
17
Suppose -4657 = -3*v + 2*v + 2*w, -4*w + 23257 = 5*v. Calculate the highest common divisor of v and 99.
99
Suppose -5*o - 2*t + 64 = 0, -3*t + 45 = 4*o - 2. Suppose 0 = -4*f - 5*v - 13, 4*f - 3*v + 4 = -1. Let c = f + o. What is the greatest common factor of c and 8?
4
Let f be 2 - 1 - (1 - 17). Let a(p) = 7*p**2 + 36*p - 2. Let i be a(-6). What is the greatest common factor of i and f?
17
Let n(m) = 35*m - 6. Let o(v) = v + 1. Let q(y) = -n(y) - 4*o(y). Let s be q(-2). Let z be (18/4)/(15/s). Calculate the highest common divisor of 16 and z.
8
Let o be 7878/24 - 9/(-12). What is the greatest common divisor of o and 47?
47
Let t(q) = -11*q + 22. Let o(b) = 10*b - 21. Let k(p) = 4*o(p) + 3*t(p). Let y be k(5). Calculate the greatest common factor of y and 17.
17
Let h be -2 + (320/2 - 2). Let l(k) = -k**3 - 7*k**2 + 40*k - 32. Let p be l(-11). What is the greatest common factor of p and h?
12
Let t(h) = 4*h + 4. Let v be t(-4). Let p be (-16)/(-12) - 8/v. Let o be (15/25)/(p/20). What is the greatest common factor of o and 3?
3
Let v(t) = -21*t + 654. Let m be v(28). Calculate the greatest common factor of m and 748.
22
Let f = 91 - -85. Calculate the greatest common divisor of f and 132.
44
Suppose 0 = 11*d - 6*d - 320. Suppose -3*j + 7*j = -2*m + d, 5*j - 110 = 5*m. What is the greatest common factor of 2 and j?
2
Let h(j) = j**2 + 2*j + 324. Let s(w) = w**2 + 12*w + 20. Let l be s(-10). Let g be h(l). What is the highest common factor of g and 36?
36
Suppose -140 = -3*w - 2*w. Let x = 1 - -13. What is the greatest common divisor of w and x?
14
Let l(p) = 2*p - p**3 + 0*p + 9 - p - p**2 + 0. Let f be l(0). Suppose 10*c - 6*c = 36. Calculate the greatest common factor of f and c.
9
Let i be 2/15 + (-189984)/(-720). Calculate the highest common factor of 616 and i.
88
Let u = -26 - -114. Calculate the greatest common factor of 11 and u.
11
Let j(t) = -t**3 - 10*t**2 + 11*t - 2. Let n(a) = -a**2 + a. Let y(g) = -j(g) + 6*n(g). Let f be y(2). What is the greatest common factor of f and 64?
16
Let q be 48/10*(-4 + (-62)/(-8)). Let x be (1 + 2/(-4))*0. Suppose 4*b - 4 - 4 = x. What is the greatest common divisor of q and b?
2
Suppose 3*n + 111 = -4*y, n - 5*y + 73 = 17. Let w = 62 + n. What is the highest common divisor of 14 and w?
7
Let u(v) = v**3 - 17*v**2 + 39*v - 7. Let r be u(15). What is the highest common divisor of r and 40?
8
Suppose 0*s - 2*s - o = -258, -5*o = -3*s + 361. Let r = -214 + s. Let w = r - -159. What is the greatest common divisor of w and 9?
9
Suppose 5*l - 9444 = 4*o + 148, 5764 = 3*l + 2*o. What is the greatest common factor of l and 30?
30
Let d be (-32)/(-112) + (-1 - (-2007)/7). Calculate the highest common factor of d and 26.
26
Let k = -389 - -467. What is the greatest common divisor of k and 195?
39
Let j be (-700)/14*2/(-5). What is the greatest common factor of j and 40?
20
Let s = -415 - -451. What is the highest common divisor of 12 and s?
12
Let a be (-1)/(10/(-546)) + (-885)/1475. Calculate the greatest common divisor of a and 252.
18
Suppose 5*v + 0*x - 49 = -3*x, -4*v - 2*x + 40 = 0. Suppose v*d + 139 = 403. Suppose -2*u + 38 - 6 = 0. What is the highest common divisor of u and d?
8
Let u be -10 - (4 - 0)*-18. What is the greatest common divisor of u and 310?
62
Let i = 155 - 111. Let m(n) = n**3 - n**2 - 3*n - 19. Let j be m(5). Calculate the highest common factor of i and j.
22
Let v(d) = -d**3 + 31*d**2 + 66*d + 172. Let c be v(33). Suppose 6*z + 43 = 7*z. What is the greatest common factor of z and c?
43
Suppose -c - 3*j + 8*j + 23 = 0, 26 = 2*c - 5*j. Suppose 0 = -6*m + c*m + 36. Let b be m/(-54) + 731/9. What is the highest common divisor of 9 and b?
9
Let m be 22*23/((-1265)/(-30)). Calculate the greatest common factor of 348 and m.
12
Suppose 9*r - 12 = 105. Suppose 0 = r*a - 12*a - 50. What is the greatest common divisor of a and 20?
10
Let x be 2/(-1 - -9) - (-231)/4. Suppose -3*y + 77 = -x. What is the highest common divisor of 18 and y?
9
Let m(h) be the first derivative of h**4/4 + 4*h**3/3 - 5*h**2/2 - 4*h + 2. Let b be m(-5). Let o = b - -25. Calculate the highest common factor of o and 189.
21
Suppose 6*g = 1295 + 949. Calculate the greatest common divisor of 22 and g.
22
Let d(o) = o**2 + 9*o + 28. Let m = 14 - 21. Let q be d(m). Calculate the greatest common factor of 2 and q.
2
Let g be ((-144)/(-64))/(6/8). Suppose -2*i + 6 = 5*k - 1, 0 = -g*i + k + 2. Let n be 4/i + -4 - -2. Calculate the highest common divisor of n and 2.
2
Suppose 4*t - 7587 = 5*q, -q + 5714 = 114*t - 111*t. Calculate the greatest common divisor of 11 and t.
11
Let v = 34 - 28. Let k be (-2)/(-5)*(94 + v). Calculate the greatest common divisor of 160 and k.
40
Let r(y) = -45*y - 102. Let m be r(-14). What is the greatest common divisor of m and 33?
33
Suppose -70*y + 71*y - 10 = 0. Calculate the highest common divisor of 90 and y.
10
Suppose -3*r + 472 = -0*r + 2*z, z = 3*r - 457. What is the greatest common factor of r and 44?
22
Let s be 4/22 - ((-207)/11 + 0). Suppose 3*p - 3*a = 9, 4*a = p + s - 7. Calculate the highest common divisor of 16 and p.
8
Let r be (4 + -83)*1*-1. Let k = r + -49. Calculate the highest common divisor of 6 and k.
6
Suppose 81*n - 70 - 902 = 0. Calculate the greatest common factor of n and 1284.
12
Suppose 4*l = 3*l - 4*w - 16, -l = -2*w - 2. Let a be ((-100)/l)/(2/4). What is the greatest common divisor of a and 20?
10
Suppose -6 = 7*f - 13. Let m be (-5 - (-20)/5) + 2 + f. Calculate the highest common divisor of 2 and m.
2
Let i(t) = -t + 13. Let